Does 9 divide 120?
False
Does 12 divide 5377?
False
Is 2054 a multiple of 158?
True
Is 154 a multiple of 7?
True
Does 16 divide 753?
False
Is 1512 a multiple of 63?
True
Is 763 a multiple of 9?
False
Does 136 divide 10391?
False
Is 22 a factor of 2822?
False
Is 5687 a multiple of 178?
False
Is 90 a multiple of 9?
True
Is 14 a factor of 2290?
False
Does 35 divide 3554?
False
Is 22 a factor of 10252?
True
Is 448 a multiple of 14?
True
Is 296 a factor of 296?
True
Does 49 divide 2254?
True
Is 72 a factor of 1603?
False
Is 2021 a multiple of 47?
True
Does 36 divide 118?
False
Is 10717 a multiple of 13?
False
Does 20 divide 55500?
True
Does 6 divide 228?
True
Is 1033 a multiple of 7?
False
Is 2320 a multiple of 25?
False
Is 1232 a multiple of 56?
True
Is 16506 a multiple of 14?
True
Does 8 divide 2403?
False
Does 35 divide 338?
False
Is 4412 a multiple of 4?
True
Does 29 divide 1624?
True
Does 5 divide 2723?
False
Is 40 a factor of 5120?
True
Is 1081 a multiple of 15?
False
Is 23595 a multiple of 39?
True
Does 104 divide 268?
False
Is 341 a factor of 66569?
False
Is 3 a factor of 270?
True
Is 3 a factor of 720?
True
Is 14973 a multiple of 40?
False
Is 1392 a multiple of 116?
True
Does 131 divide 15092?
False
Is 93550 a multiple of 22?
False
Is 3098 a multiple of 28?
False
Is 15 a factor of 405?
True
Is 8 a factor of 281?
False
Is 25 a factor of 70?
False
Is 229 a multiple of 6?
False
Is 1184 a multiple of 74?
True
Is 31897 a multiple of 35?
False
Does 12 divide 21?
False
Is 763 a multiple of 6?
False
Does 37 divide 3700?
True
Does 6 divide 10273?
False
Is 6 a factor of 2022?
True
Does 72 divide 14832?
True
Is 20 a factor of 7700?
True
Is 80 a factor of 720?
True
Is 1395 a multiple of 10?
False
Is 6 a factor of 120?
True
Does 23 divide 4254?
False
Is 1212 a multiple of 4?
True
Is 11032 a multiple of 14?
True
Is 6012 a multiple of 18?
True
Is 7677 a multiple of 18?
False
Is 71701 a multiple of 38?
False
Is 11 a factor of 3696?
True
Is 4 a factor of 48?
True
Does 22 divide 198?
True
Is 12 a factor of 17832?
True
Is 272 a multiple of 8?
True
Does 20 divide 12057?
False
Is 6050 a multiple of 18?
False
Is 34 a multiple of 19?
False
Is 2 a factor of 1008?
True
Is 3 a factor of 7488?
True
Is 4 a factor of 35132?
True
Is 19 a factor of 104158?
True
Is 197 a factor of 18912?
True
Is 45 a factor of 687?
False
Does 51 divide 2689?
False
Is 304 a multiple of 4?
True
Is 18 a factor of 38970?
True
Does 89 divide 3738?
True
Is 215 a multiple of 8?
False
Does 23 divide 644?
True
Is 8904 a multiple of 53?
True
Is 19 a factor of 176440?
False
Is 54 a factor of 810?
True
Is 340 a multiple of 85?
True
Does 9 divide 1818?
True
Does 28 divide 695?
False
Does 10 divide 630?
True
Is 544 a multiple of 17?
True
Is 267 a factor of 27234?
True
Is 54 a factor of 6912?
True
Does 45 divide 609?
False
Does 4 divide 4248?
True
Does 25 divide 30875?
True
Is 32725 a multiple of 334?
False
Is 25 a factor of 100?
True
Does 36 divide 792?
True
Does 5 divide 1478?
False
Is 91 a factor of 273?
True
Does 10 divide 1544?
False
Is 9766 a multiple of 78?
False
Is 22 a factor of 5622?
False
Is 1050 a multiple of 36?
False
Is 7 a factor of 29?
False
Is 5441 a multiple of 23?
False
Is 39 a factor of 273?
True
Does 22 divide 242?
True
Does 12 divide 555?
False
Is 604 a multiple of 35?
False
Is 803 a multiple of 12?
False
Does 51 divide 6763?
False
Is 2067 a multiple of 23?
False
Does 3 divide 21476?
False
Is 2856 a multiple of 56?
True
Is 36 a factor of 72?
True
Does 12 divide 336?
True
Is 480 a multiple of 3?
True
Is 11 a factor of 541?
False
Is 1245 a multiple of 15?
True
Is 4927 a multiple of 13?
True
Is 12 a factor of 69732?
True
Is 12 a factor of 18036?
True
Is 57970 a multiple of 284?
False
Does 123 divide 14205?
False
Is 27044 a multiple of 54?
False
Is 42 a multiple of 10?
False
Is 13 a factor of 2681?
False
Does 89 divide 4806?
True
Does 53 divide 5671?
True
Does 22 divide 14850?
True
Does 177 divide 80420?
False
Is 11 a factor of 4873?
True
Is 2 a factor of 2776?
True
Is 1250 a multiple of 5?
True
Is 69 a factor of 18768?
True
Does 8 divide 104?
True
Is 3 a factor of 101?
False
Is 26 a factor of 487?
False
Is 6 a factor of 21364?
False
Does 6 divide 6150?
True
Does 3 divide 2191?
False
Is 2288 a multiple of 52?
True
Is 26508 a multiple of 47?
True
Does 10 divide 8960?
True
Is 16 a factor of 366?
False
Does 69 divide 18630?
True
Is 9 a factor of 42938?
False
Is 40 a factor of 2200?
True
Is 492 a multiple of 67?
False
Is 14 a factor of 27807?
False
Is 60 a factor of 78541?
False
Is 5 a factor of 525?
True
Is 8874 a multiple of 34?
True
Does 5 divide 109?
False
Does 23 divide 103753?
True
Does 20 divide 2261?
False
Is 6179 a multiple of 84?
False
Is 7 a factor of 281?
False
Is 2 a factor of 269?
False
Is 14 a factor of 1423?
False
Is 660 a multiple of 66?
True
Does 138 divide 3810?
False
Is 416 a multiple of 28?
False
Is 25750 a multiple of 50?
True
Is 18 a factor of 1674?
True
Is 1008 a multiple of 7?
True
Is 600 a multiple of 15?
True
Is 3903 a multiple of 26?
False
Is 8 a factor of 3107?
False
Is 288 a multiple of 16?
True
Does 16 divide 97?
False
Does 20 divide 12860?
True
Is 3912 a multiple of 20?
False
Is 2002 a multiple of 8?
False
Is 14581 a multiple of 12?
False
Is 2 a factor of 100?
True
Does 36 divide 180?
True
Is 48 a factor of 208?
False
Is 158 a multiple of 4?
False
Is 65 a factor of 16930?
False
Does 3 divide 363?
True
Does 12 divide 512?
False
Does 19 divide 113?
False
Does 12 divide 13128?
True
Is 164 a multiple of 4?
True
Is 1300 a multiple of 5?
True
Is 19 a factor of 278?
False
Is 1438 a multiple of 59?
False
Is 915 a multiple of 85?
False
Is 15 a factor of 49?
False
Is 20104 a multiple of 14?
True
Is 1225 a multiple of 49?
True
Is 3815 a multiple of 122?
False
Does 28 divide 1540?
True
Is 14 a factor of 20183?
False
Does 67 divide 3921?
False
Does 42 divide 2752?
False
Is 27 a factor of 133569?
True
Is 23 a factor of 460?
True
Is 2992 a multiple of 88?
True
Does 5 divide 1831?
False
Is 19 a factor of 2622?
True
Is 15894 a multiple of 18?
True
Does 11 divide 132?
True
Is 16 a factor of 10954?
False
Does 17 divide 1302?
False
Is 437 a multiple of 14?
False
Is 36 a factor of 1368?
True
Is 353 a multiple of 6?
False
Is 11 a factor of 12254?
True
Is 21 a factor of 42217?
False
Is 18 a factor of 6607?
False
Is 16 a factor of 25472?
True
Is 25 a factor of 28942?
False
Is 8 a factor of 14232?
True
Is 53497 a multiple of 15?
False
Is 14 a factor of 2436?
True
Is 47 a factor of 166?
False
Is 703 a multiple of 23?
False
Is 8 a factor of 31952?
True
Does 46 divide 966?
True
Is 4436 a multiple of 3?
False
Is 7670 a multiple of 5?
True
Is 19 a factor of 8588?
True
Does 124 divide 1984?
True
Is 536 a multiple of 13?
False
Is 547 a multiple of 13?
False
Does 3 divide 373?
False
Does 59 divide 5192?
True
Is 63575 a multiple of 213?
False
Is 40 a factor of 8330?
False
Does 10 divide 1500?
True
Does 21 divide 651?
True
Is 11004 a multiple of 36?
False
Is 30966 a multiple of 26?
True
Does 7 divide 504?
True
Is 128 a multiple of 2?
True
Is 5 a factor of 480?
True
Is 3 a factor of 190?
False
Is 34 a factor of 6541?
False
Is 42840 a multiple of 180?
True
Is 13 a factor of 82?
False
Is 45 a factor of 2236?
False
Does 32 divide 3264?
True
Does 122 divide 366?
True
Is 7 a factor of 166?
False
Is 398 a multiple of 9?
False
Does 9 divide 114?
False
Does 18 divide 2196?
True
Does 10 divide 480?
True
Does 5 divide 294?
False
Does 2 divide 129?
False
Does 24 divide 1208?
False
Does 5 divide 725?
True
Does 22 divide 352?
True
Does 20 divide 1035?
False
Is 1923 a multiple of 33?
False
Is 2639 a multiple of 7?
True
Is 42 a factor of 1680?
True
Does 6 divide 126?
True
Is 31 a factor of 1415?
False
Is 87 a factor of 2436?
True
Does 14 divide 294?
True
Is 36 a multiple of 9?
True
Does 21 divide 651?
True
Is 7585 a multiple of 61?
False
Is 20 a factor of 202?
False
Is 2 a factor of 15334?
True
Does 30 divide 2624?
False
Is 23664 a multiple of 13?
False
Is 67650 a multiple of 55?
True
Is 6912 a multiple of 27?
True
Is 60 a factor of 1413?
False
Is 352 a multiple of 24?
False
Is 11 a factor of 1518?
True
Does 12 divide 13120?
False
Does 29 divide 1334?
True
Does 61 divide 1097?
False
Is 16740 a multiple